 prime factors of r?
3, 5
Suppose 0*j = -4*j - 5*a + 186, 94 = 2*j + 3*a. List the prime factors of j.
2, 11
Suppose 4*q = -3*s + 21, -5*s - 7 + 34 = 4*q. Let h(u) = u**3 + 7*u**2 + u + 3. Let c be h(-7). List the prime factors of 2/q*(-30)/c.
5
What are the prime factors of (-102)/(-18) - (-2)/6?
2, 3
Let q(m) = -m**2 - 11*m + 2. Let b be q(-11). Suppose 87 = 3*p - o, o - 3*o - 54 = -b*p. What are the prime factors of p?
2, 3, 5
Suppose 0 = l + 3*l + 16, -l = 5*u - 141. List the prime factors of u.
29
Let n be ((-2)/(-6))/(1/6). Let d(y) = y - 3. Let i be d(9). Let b = n + i. What are the prime factors of b?
2
Let r be ((-35)/(-10))/((-2)/(-8)). Suppose -22 = -3*o + r. What are the prime factors of o?
2, 3
Let c(n) = 18*n - 2. Let z = 12 + -10. List the prime factors of c(z).
2, 17
Let t = -57 + 94. Let z = 8 + t. What are the prime factors of z?
3, 5
Suppose -2*k = -6*k + k. Let r(d) = 9 + 3*d - d**2 + 3*d - 5*d. What are the prime factors of r(k)?
3
Let w(k) = 10*k**2 + 27*k - 8. What are the prime factors of w(-6)?
2, 5, 19
Let f = 7 - 11. Let c(h) = 0*h**2 - 5 + h**3 + 4*h**2 + h**2. List the prime factors of c(f).
11
What are the prime factors of ((-238)/(-8))/(((-7)/4)/(-7))?
7, 17
Suppose -27 = -3*m + 12. What are the prime factors of m?
13
Let f(y) = 11*y**2 - 3*y - 4. List the prime factors of f(4).
2, 5
Let u(t) = -7*t + 3 - 2 + 8*t. Suppose 4*c - 2*c = 10. What are the prime factors of u(c)?
2, 3
Let p = 69 - 10. What are the prime factors of p?
59
Let a = -48 + 165. List the prime factors of a.
3, 13
Let u(m) = m**2. Let i(d) = -d**3 + 6*d**2 - d - 14. Let h(r) = i(r) - 6*u(r). Let t be h(0). Let o = t + 23. List the prime factors of o.
3
Let u be (-8)/(-3)*(-14 + -1). List the prime factors of (16/u)/(2/(-10)).
2
Let u(g) = 3*g**3 - 2 - 21*g - 7*g**3 + 22*g. Let v be u(-2). Suppose -4*d = 2*c - 46, -24 = -3*d - 5*c + v. List the prime factors of d.
3
Let b be (23/2)/(4/8). Suppose -2*y = -3*a + 6*a - b, 4*a - 12 = 0. What are the prime factors of y?
7
Suppose 0 = 2*f - 5*f + r + 105, -r = -5*f + 177. List the prime factors of f.
2, 3
Let t(o) = -4*o**2 + 10. Let n be t(-7). Let w be (n/15)/(3/(-15)). Suppose 4*g - 48 = -2*i, i + w = 5*g - 12. What are the prime factors of g?
2, 7
Let m(z) = 3*z**2 - 5*z - 9. List the prime factors of m(-5).
7, 13
Let g(p) = 6*p + 2. Let s be g(4). Suppose -4*a - 5*r + 28 = 0, 3*a + 2*r - s = -3*r. Suppose -2*u + 20 = 3*h - u, a*h + 2*u = 12. List the prime factors of h.
7
Let q = -13 - -23. List the prime factors of q.
2, 5
Let q be 2/(-5) + (-97)/(-5). Suppose 3*o - 49 + q = 0. List the prime factors of o.
2, 5
Suppose -16*m + 15*m = -100. List the prime factors of m.
2, 5
Let j be (3/1)/3*0. Let t(y) = -y**2 + 5. What are the prime factors of t(j)?
5
What are the prime factors of 354*1*(-31)/(-93)?
2, 59
Suppose -3*w = -5*q - 23, -3*q - 3*w - 41 = 2*w. Let g = 3 - q. Suppose 0 = 4*l, 3*i + 2*l - 5 = g. What are the prime factors of i?
5
Let a(y) = -y**2 + 10*y - 5. List the prime factors of a(9).
2
Let n = -217 - -400. List the prime factors of n.
3, 61
Suppose 50 = 4*o - 250. List the prime factors of o.
3, 5
Suppose -4*c + 2*x = -98, 2*c = -3*c + 5*x + 135. What are the prime factors of c?
2, 11
Suppose 2*y = -0*y + 2. Let x = 10 + y. What are the prime factors of x?
11
Suppose -2*k + 3*p + 6 + 1 = 0, -4*k + 4*p = -12. Suppose -y + k = -0. Suppose 2*x + 4*d = 42, -5*x = y*d + 3*d - 80. What are the prime factors of x?
11
Suppose -8*v = -11*v + 6. Let s = 10 - v. What are the prime factors of s?
2
Suppose 2*h - 1 = -3*y - 3, -5*h = -y - 12. Let x(j) = -3*j + 9. Let l be x(6). Let v = y - l. List the prime factors of v.
7
Suppose -10 = -3*z + p + 4, 4*z - 5*p = 37. Suppose 3*c - 4*w = 66, -z*w - 21 = -2*c + 23. List the prime factors of c.
2, 11
Let y = 16 - 13. Suppose -y + 21 = 2*s. List the prime factors of s.
3
Let y = 17 + 3. Suppose -2*i = -t + y, t - 17 = i + 4. What are the prime factors of t?
2, 11
Let v be (-3)/(-3)*(1 - -2). Suppose 0 = v*k - 17 - 16. What are the prime factors of k?
11
Suppose -2*h = 2*h. Suppose -2*s = 3*a - h*s - 100, s = -5*a + 169. List the prime factors of a.
2, 17
Let j(c) = -c**2 - 2. Let n be j(-4). List the prime factors of 32/12*n/(-4).
2, 3
Suppose -b = 4*l - 5*b, -6 = -l - 2*b. What are the prime factors of (-2 - 51/(-6))*l?
13
Suppose 11*n - 4*n - 854 = 0. What are the prime factors of n?
2, 61
Suppose -3 = -z + q, 11 = 2*z + 2*z - 5*q. Suppose -2*a = 4*u - 68, a + 37 + 37 = z*u. List the prime factors of u.
2, 3
Let x be (-4)/(-10) - 18/(-5). List the prime factors of (-9)/(-12)*(x + 0).
3
Let m(x) = -x + 16. List the prime factors of m(-8).
2, 3
Let c be (-7)/(-9) - 10/(-45). What are the prime factors of (-255)/(-18) + c/(-6)?
2, 7
Let p = -18 - -29. What are the prime factors of p?
11
Suppose 5 = -2*w + 4*y - 1, 0 = 2*w + 3*y - 29. What are the prime factors of w?
7
Let d(j) = 33*j + 4. List the prime factors of d(1).
37
Suppose 0 = -5*a + a - 180. Let h = 82 + a. Let k = h - 19. List the prime factors of k.
2, 3
Let x(o) be the second derivative of -o**3 - o**2 + o. Let q be x(-3). Suppose -m - q = -3*m. What are the prime factors of m?
2
Suppose 0 = 4*u + 92 + 108. Let c = u - -102. What are the prime factors of c?
2, 13
Let u(b) be the second derivative of -b**3/3 - b**2 + 3*b. Let f be u(-4). What are the prime factors of (-21)/(-9) + (-2)/f?
2
Let q(m) = m - 1. Let b be q(-5). Suppose -3*c + 13 = 4. What are the prime factors of ((-2)/c)/(b/171)?
19
What are the prime factors of (-180)/(-5) - (-2)/(-2)?
5, 7
List the prime factors of -2 + -5 + 6 - -292.
3, 97
Suppose 3*k - 11 + 35 = 0. Let x = k + 14. List the prime factors of x.
2, 3
Let q(i) = 19*i - 1. List the prime factors of q(4).
3, 5
Let n be (-2)/6 + 16/(-6). Let g(z) be the first derivative of -z**4/4 - z**3 - z**2 - z - 3. List the prime factors of g(n).
5
Suppose -5*h + 8 = -2. Let d be 2 + (2 - 2)/h. Suppose -d*w = w - 12. List the prime factors of w.
2
Let w(y) = -1 - 4*y - 5 + 2. Let n be w(-3). Suppose 0 = -q + n - 3. List the prime factors of q.
5
Suppose -j = -2*j. Let c = 0 + j. Suppose 0 = 4*l - 0*f + 5*f - 20, c = -2*l - 2*f + 10. What are the prime factors of l?
5
Let q(n) = -12*n. Let k = 4 + 5. Let m = 8 - k. List the prime factors of q(m).
2, 3
Let m(t) = 4*t**2 - 16*t + 49. What are the prime factors of m(7)?
7, 19
Let l be (-60)/4*(-29 + 0). Suppose 0 = -5*c + 5*s + l, 0*c - 5*s = 4*c - 384. Suppose -31 = 4*n - c. What are the prime factors of n?
3, 5
What are the prime factors of 12/4 - (-9 + -2) - 2?
2, 3
Let x be 3*(-3 - 42/(-9)). Suppose 0 = -j - j + 2*n + 58, -x*j + 4*n + 145 = 0. What are the prime factors of j?
29
Suppose -13*z + 9*z = -292. List the prime factors of z.
73
Let t = -7 + 16. Let k = 13 - t. Suppose -k*v - 8 = -28. List the prime factors of v.
5
Let d(b) = 24*b. Let w be d(-1). Suppose -3*j - j = 140. Let f = w - j. What are the prime factors of f?
11
Let a(i) = i**3 - 3*i**2 - 5. List the prime factors of a(4).
11
Let z(c) = c**2 + 6*c + 7. Let m be z(-5). Let a(r) = -r**2 - 5*r - 3. Let h(y) = -y**2 - 9*y - 5. Let v(d) = -7*a(d) + 4*h(d). List the prime factors of v(m).
11
Suppose -4*f = 4*c, 8*f - 4*f = c. Suppose 4*r - r - 39 = f. List the prime factors of r.
13
Let x(p) be the first derivative of -p**4/4 + 7*p**3/3 - 3*p**2 + 6*p - 3. Let c be x(6). Let a = 11 - c. List the prime factors of a.
5
Suppose h = -5*j + 18, -34 + 10 = -4*j - 4*h. Let k = j - -7. What are the prime factors of k?
2, 5
Let o(p) = 2*p - 7. Suppose n = 5*w - 39, 4*n - 12 = -2*w + w. What are the prime factors of o(w)?
3
Suppose -19 = -5*q + j, 0 = -5*q + 5*j + 22 + 13. Suppose 0 = 2*i - 4 - 8. Suppose c - q*c = -i. What are the prime factors of c?
3
Suppose 143 + 42 = 5*q. What are the prime factors of q?
37
Suppose -2*y = -r + 2*y + 45, 3*y - 142 = -4*r. List the prime factors of r.
37
Suppose 2*z = 2, -2*z + 11 = c + 3*z. Suppose -v + 4*d - c = 0, 3*v + d = 5*d + 6. What are the prime factors of v?
2, 3
Let d = -103 + 216. List the prime factors of d.
113
List the prime factors of (82/(-8) + 33/(-44))*-3.
3, 11
List the prime factors of 22/33 - (-37)/3.
13
Let s be (-1 + 0)/((-1)/6). Let g be (-2)/11 + (-24)/(-11). Suppose -3*i - g*i = -c - s, 4*c = 2*i + 12. Wha